 i**3 - i**2. Let o be (0 - -2) + 2 + 3. What is the remainder when 2 is divided by m(o)?
0
Calculate the remainder when 0 + 8 - 40/10 is divided by 4.
0
Suppose 1 = -5*p + 11. Let r be (-5)/(10/(-4)) + 1. Let k = r - p. What is the remainder when 1 is divided by k?
0
Let g = 82 - 67. What is the remainder when 41 is divided by g?
11
Suppose 123 = 13*z - 293. What is the remainder when 72 is divided by z?
8
Let r(h) = h + 2. Let i = 4 - 2. Let a(t) = -t**3 - 7*t**2 - 7*t - 3. What is the remainder when r(i) is divided by a(-6)?
1
Let j(a) = 4*a + 1. Let o(m) = -3*m - 1. Let b(z) = 3*j(z) + 2*o(z). Calculate the remainder when 224/6 - (-1)/(-3) is divided by b(3).
18
Let n be (1 - (-3 - -46))/(-2). Suppose 23 = 2*f - n. What is the remainder when 42 is divided by f?
20
Let n(u) = u**3 - 11*u**2 + 10*u + 13. Calculate the remainder when 21 is divided by n(10).
8
Suppose -2 = -3*a + 22. Suppose 3*f - o = a*f - 17, -f + 5*o + 19 = 0. Suppose 0 = -0*d + f*d - 64. Calculate the remainder when 29 is divided by d.
13
Let n = 80 - 52. Let l(v) = v**2 + 7*v + 12. Let p be l(-8). Let h = p - 10. What is the remainder when n is divided by h?
8
Let u(i) = 2*i + 9. Suppose -2 = 4*g + 26. Let c be u(g). What is the remainder when 22 is divided by (c + 1)*(-6)/4?
4
Let k(d) = -d**3 + 9*d**2 - 10*d + 8. Let r be k(8). Let n(j) = -j**2 - 10*j - 10. What is the remainder when n(r) is divided by 2?
0
Let n(m) = 33*m. Suppose -j - 2 = -3*a, 6*a - 4*j = 2*a. Calculate the remainder when n(a) is divided by 12.
9
Let v be (-24)/16*(-4)/6. Let u(q) = -q - 1. Let x(t) = -4*t**2 - t - 2. Let k(m) = u(m) - x(m). What is the remainder when 13 is divided by k(v)?
3
Suppose 10*z + z - 242 = 0. What is the remainder when 39 is divided by z?
17
Suppose -8*g + 72 = -5*g. Let a = g - 16. What is the remainder when 30 is divided by a?
6
Let i(z) = -z**3 + 4*z**2 + 7*z - 7. Let o be i(5). Suppose -4*v + 37 = -o. What is the remainder when 27 is divided by v?
7
Let a(o) = o + 8. Let p be a(-8). Suppose -52 = -p*b - b. What is the remainder when b is divided by 18?
16
Let c = 26 - 4. What is the remainder when c is divided by 5?
2
Suppose -6*s + 159 = 5*n - 2*s, 2*n - 86 = 4*s. Let c be 2*(-1)/(-4)*6. Calculate the remainder when n - c - (0 - -1) is divided by 16.
15
Suppose 20 + 55 = 3*j - 3*g, 5*j - 121 = 4*g. What is the remainder when j is divided by 3*(-2)/3*-4?
5
Suppose 0*r = 5*r - 80. Calculate the remainder when 78 is divided by r.
14
Let o(t) = 22*t**2 + t. Calculate the remainder when -78*(0/4 - 2/4) is divided by o(-1).
18
Suppose l + 3 = 2*a - 1, a + 3 = 3*l. Suppose l*v = v. Suppose -4*t + 4*r = -v*t - 12, 0 = -r. Calculate the remainder when 7 is divided by t.
1
Calculate the remainder when 8 is divided by (-1 - 54/(-15)) + (-4)/(-10).
2
Let k(y) be the second derivative of -3*y + 1/3*y**3 + 1/20*y**5 + 0 - 3/2*y**2 - 1/4*y**4. Calculate the remainder when 4 is divided by k(3).
1
Let z(s) = 17*s + 2. What is the remainder when z(3) is divided by 9?
8
Suppose 0*z - 4*z + 12 = 0. Suppose -2*x = z*f - 140, 0*x - x = -5*f + 255. Calculate the remainder when f is divided by 26.
24
Let s = 286 - 142. Calculate the remainder when 70 is divided by (5/10)/(4/s).
16
Suppose -20*x = -10*x - 270. Suppose 3*f = 4*r + 136, 5*f = 4*r + 40 + 200. Calculate the remainder when f is divided by x.
25
Let a(m) be the first derivative of m**2/2 + 2*m + 2. Let r be a(-2). Suppose r = 2*n - 2. Calculate the remainder when 1 is divided by n.
0
Let m(q) = -q**3 + 2*q**2 + 6*q + 5. Let s be m(4). What is the remainder when 13 is divided by s - (-6)/9*12?
3
Suppose 4*l = 12 + 4. Let v = l + 13. What is the remainder when v is divided by 10?
7
Let k be (-1 - 0) + (-5 - 6). Let u = 14 - k. Calculate the remainder when 50 is divided by u.
24
Let y(t) = -t**2 + 30*t - 35. What is the remainder when y(27) is divided by 21?
4
Suppose q + j + 3 = 0, 0*q = 4*q - j - 13. Calculate the remainder when 9 + (0 + 1)*-2 is divided by q.
1
Suppose 4*v - 57 = -3*y, 5*v - 4*y + 3*y - 57 = 0. Calculate the remainder when 46 is divided by v.
10
Let a(w) = w + 14. What is the remainder when 5 is divided by a(-10)?
1
Suppose -5*j + 23 + 7 = 0. Calculate the remainder when 15 is divided by j.
3
Calculate the remainder when 6 is divided by (-4 + 10)/(-3) + 5.
0
Let r(v) = -2*v + 4*v + 7*v**2 - v - 3*v + 1. What is the remainder when 16 is divided by r(1)?
4
Let a = -6 - -7. Calculate the remainder when 38 is divided by a/((-1)/(-15 - -2)).
12
Let v(w) = -2*w**2 + 23*w + 8. What is the remainder when 52 is divided by v(11)?
14
Suppose -4*m + 3 - 19 = 0, 152 = 2*w + m. What is the remainder when w is divided by -54*((-65)/(-10) - 7)?
24
Let b(o) = -o - 2. Let q be b(4). Let a be (-40)/q - 4/(-12). Let x = 12 - a. Calculate the remainder when 7 is divided by x.
2
Let d be 0 + 1/((-2)/(-44)). Suppose x - s + 6 = -3*s, 0 = 3*x - 4*s - d. Calculate the remainder when x is divided by 1.
0
Suppose 2*w = -r + 47, -3*r + 196 = r + 4*w. What is the remainder when r is divided by 9?
6
Suppose -3*l - 5*w + 29 = -74, 0 = w - 5. What is the remainder when l is divided by 2?
0
Let b(n) = 8*n - 43. What is the remainder when b(7) is divided by 8?
5
Let q(y) = -5*y + 38. Let u = 2 + -1. Calculate the remainder when q(7) is divided by u.
0
Let r(n) = -n**3 + 6*n**2 + 10*n - 10. Calculate the remainder when 19 is divided by r(7).
8
Let x(w) = -36*w + 3. Let r be x(-4). What is the remainder when (-1 + 3)/(6/r) is divided by 13?
10
Suppose 0 = -26*l + 442 + 52. Suppose 2*i - 7*i = -3*g - 295, -5*g - 81 = -i. Calculate the remainder when i is divided by l.
18
Suppose 2*l = l - 5, -5*v + 3*l = -45. Suppose 0 = g - v*g + 65. What is the remainder when g is divided by 8?
5
Suppose -79 = 5*j - 239. Let g = j + -18. What is the remainder when g is divided by 4?
2
Let r(b) = b**3 + 6*b**2 + 3. Let v be r(-6). Suppose -v*z = z - 84. Suppose -3*l + 6*l = z. What is the remainder when l is divided by 3?
1
Let q = 153 + -62. What is the remainder when q is divided by 46?
45
Suppose 9 = 3*w - 0*w, 0 = q + w - 32. Calculate the remainder when q is divided by 15/((-6)/(-18)*3).
14
Let g = 7 - 5. Let o be 20 + (-3)/6*g. Let h = o + -11. What is the remainder when h is divided by 5?
3
Let w(g) = 25*g**2 - 1. Suppose 2*i + 3 = -v, 0*v = 4*v - 3*i + 1. What is the remainder when w(v) is divided by 13?
11
Suppose -z = z. Let f = z + 20. Suppose -y - f = -2*y. Calculate the remainder when y is divided by 7.
6
Let o(g) = -6*g + 3. Calculate the remainder when 105 is divided by o(-4).
24
Suppose -5*p + 10 = -0*p. Let g(k) = 0*k + k - p*k + 16. What is the remainder when 22 is divided by g(8)?
6
Let y(p) = -p**3 + 10*p**2 + 5*p - 11. Calculate the remainder when y(10) is divided by 124/9 - (-2)/9.
11
Suppose i = -2*i + 21. Suppose 5*p = -0*m - 3*m + 17, m + 3*p - i = 0. Calculate the remainder when (4/(-5))/(6/(-45)) is divided by m.
2
Let v(p) = -5 - 2*p + 4 - 7. Let s = 8 + 2. Calculate the remainder when s is divided by v(-6).
2
Suppose -3*h - 3*t - 6 = 27, 5*h - 2*t = -34. Let f(c) = -6*c - 4. What is the remainder when f(h) is divided by 15?
14
Let i(y) = -4*y. Let x be i(-1). Let m = x - 2. Suppose -5*c + h + 20 = 0, 0 = -2*c - m*h + 3*h + 8. What is the remainder when 6 is divided by c?
2
Suppose -3*g - g = -5*n + 328, -2*g + 6 = 0. Suppose -5*p - n = -8. Let u = p + 21. What is the remainder when u is divided by 5?
4
Let u be ((-3)/5)/((-2)/10). Suppose -u*t + 35 = 2*t - g, 37 = 2*t - 5*g. What is the remainder when 17 is divided by t?
5
Let z = 60 + -39. Suppose l - 6 - 2 = 0. Calculate the remainder when z is divided by l.
5
Let v be (8 - 0/4) + -2. Calculate the remainder when 375/v + 3/(-6) is divided by 21.
20
Suppose -2*t + 2*n = -80, -2*t + 31 + 50 = -n. What is the remainder when t is divided by 21?
20
Let q(h) = h**2 + h - 3. Let k be q(3). Suppose k - 156 = -3*g. Calculate the remainder when g is divided by 13.
10
Let p(n) = n**3 - 3*n**2 - 2*n - 1. Calculate the remainder when p(4) is divided by 3.
1
Let d = -9 - -5. Let j be d*2/(-8)*2. Suppose -j*t + 0*t = -12. What is the remainder when 10 is divided by t?
4
Suppose -4*d = 2*i - 16 - 128, 5*d + 5*i - 175 = 0. What is the remainder when d is divided by 14?
9
Let y = 10 + -5. Suppose 0 